0 - 8)?
5
What is the value of 69 + (7 - 63) + -2 + -3 - (91 - 0)?
-83
What is -32 - (18 + -5) - ((7 - 24) + 6)?
-34
Calculate -8 - (11 - 7 - (-33 - -30)).
-15
What is the value of 58 + -83 + 0 + 52 + -30?
-3
What is -4902 + 4989 - (-1 + 35 - 0)?
53
What is the value of 63 - ((87 - 102) + 221)?
-143
13 - (10 - 5) - (6 + -28 + -86)
116
5 + (-9 - 3) + 8 + 5 + 1 + -14
-7
Evaluate -1 + 4 + (-16 - 2) + 9 + 15 + -36.
-27
Calculate (-1 - 1 - (-27 - -18)) + 3 - (-6 + 1).
15
Evaluate 0 + -4 + 7 - ((6 - 33) + 23) - -57.
64
Calculate (-1 - -2) + (8 - 7) - (90 + 21 + -21).
-88
176 + -239 - ((-1 - -6) + 1 + -8 + 10)
-71
What is the value of -269 - -41 - -242 - ((-3 - -1) + -69 + 0)?
85
Calculate 7 + -17 + -56 + 91.
25
Evaluate 15 + -44 + 8 + -2.
-23
-39 + 100 + 70 + -49
82
107 - (-20 + -52 + 86)
93
What is the value of 32 - (39 - 68 - -60)?
1
Evaluate 20 - ((-89 - -92) + 71).
-54
What is -117 - -1 - (-108 + (307 - 206))?
-109
(0 - -15 - 0) + -24 + (1 - 5)
-13
What is the value of 24 + (-24 - -7) - ((121 - 136) + -1 + 9)?
14
What is -1 + (3 - 4) + 5 + -173 + 184?
14
Evaluate (-13 + 14 - 3) + 23 + 0 - 0.
21
Evaluate 18 + -1 + 1 + (1319 - 1377).
-40
(-7883 - -7874) + (-46 - 2 - 2)
-59
What is (-791 + 734 - (13 + (1 - 2))) + 1?
-68
0 + 3 + (92 - (221 - 101))
-25
Evaluate (26 - (17 + 3)) + (103 - 99) + 88 + 0.
98
What is the value of -37 + 35 + (7 - (-6 + -10 + 83))?
-62
Calculate -652 - -534 - ((-2 - -6) + 0 + -7).
-115
Calculate (24 - 24) + (21 - (43 + -11)).
-11
Evaluate (4 - 17 - 3) + (27 - -16) + 4.
31
-85 + -79 + 133 + 20
-11
What is (57 - 7 - 115) + 7 + (11 - 6) + 0?
-53
8 + (66 - -3 - 57)
20
99 + (0 - ((-7 - -2) + 7)) - 5
92
What is -132 - (197 - 314) - ((3 - 69) + 1 + 0)?
50
What is the value of (-93 - -47 - 34) + 25?
-55
Evaluate (26 - (-6 + (2 - 1))) + -10 + 10.
31
What is (25 - 38) + -8 + -1 + 18?
-4
What is the value of -82 + (22 - -2) + (-19 - 30 - -41)?
-66
Calculate -79 - (-85 - (-33 + -8)).
-35
Calculate -108 - -90 - (3 + -10) - 10.
-21
What is the value of -43 + 91 - 24 - -6?
30
What is the value of -73 + 198 + -89 + 63?
99
-9 - ((20 - (7 - (7 + -10))) + 6)
-25
What is 0 - -22 - (1143 - 1091)?
-30
Calculate (3 - 127) + (-1411 - -1626).
91
Evaluate (-54 - (49 - 80)) + -32.
-55
2 - (-27 + 5) - (-467 + 448)
43
57 + 9 + -7 - (-1 + (22 + -17 - -4))
51
What is the value of (1 - -27) + -99 + -1 + 11?
-61
2 + (68 - -2) + -9 + -1 + -611 + 617
68
What is the value of -2 + 6 + (-9 - 0) + (-78 - -83) + -52?
-52
Evaluate 19 - -26 - 28 - 23.
-6
Evaluate -114 + 82 - (-2 + 3 + -10 - 3).
-20
-2 + 17 + -1 + -7 + (14 - -2)
23
Evaluate 9 + (12 - (2 - -4)) + -15 + 13.
13
Calculate -38 - (-65 + 56 - -13).
-42
What is the value of -26 + (0 + 12 - (9 - (-5 + 6)))?
-22
What is the value of 107 + -87 + 3 + 27?
50
Evaluate -32 + 3 + -1 + 4 + (11 - 4).
-19
Calculate 1 - ((-35 - 0) + 79 + 22).
-65
31 + (-2 + -56 - (12 - 15))
-24
Evaluate 16 - (-4 - 2) - (22 + 31).
-31
Evaluate -10 - (-15 - (7 - (12 - 5))) - -5.
10
What is 53 - (36 + 13) - 19?
-15
What is -42 - (60 + -67 - (-3 + 2 - (-3 + 0)))?
-33
Calculate -50 + 14 - (-201 - -171).
-6
Evaluate -11 + 45 + -2 + -28 + -16.
-12
Evaluate 26 + -29 - ((-42 - -38) + -2 + 10).
-7
Calculate (18 - (23 + 0)) + (-7 - 0 - -3) + -7.
-16
Calculate 2 + (-2 - -125) - (13 + 10 + -7 + -3).
112
Evaluate 1 - 11 - (68 + -1 - 43).
-34
What is the value of (12 - 8) + -108 + 0 - (10 + -55 + 37)?
-96
What is the value of (-785 - -845) + -1 + 22 - 17?
64
What is (5 - (31 + -39 + 20)) + (-1 - -30)?
22
What is -34 + -2 + (-149 - -186)?
1
Calculate -89 + (-54 - -177) - (-6 + -2).
42
-174 + 153 + (14 - -2) - 20
-25
What is (-60 - -33) + 24 - -1?
-2
Calculate (-70 - (-167 + 96)) + (-5 - 52) + 1 + -1.
-56
Evaluate -61 - ((-2 - 11 - -2) + 50 + (-70 - -43)).
-73
What is 101 + -27 + 40 + -52 + -2 + 12?
72
What is the value of -39 + -48 + 59 - ((8 - 3) + -3 + -1)?
-29
-52 + -2 - (116 + -110 - (2 - -13))
-45
What is -16 - -31 - (20 + 64 - (-7 + -2))?
-78
136 - (31 + -7 - (4 - -2))
118
Evaluate -43 - (62 + -52 - -8).
-61
What is the value of 35 - -69 - (-26 + (49 - 34))?
115
What is 1 + -1 + -26 - (39369 - 39374)?
-21
Evaluate -56 + (50 - 54 - (-4 + 3) - 4).
-63
51 + -42 + (-9 - -1 - 22) + -10
-31
Evaluate 1 - (9 + (-8 - -6) - -25).
-31
What is -16 + (32 - -20) + -77?
-41
What is (9 - (-10 - 1 - -21)) + (-140 - -241)?
100
-73 + -1 + -1 + (4 - (18 - 6) - -1)
-82
(-18 - (-24 - (31 + -9))) + -108
-80
Calculate -33 + (6 - 21) - -22 - 11.
-37
Evaluate 1 - 0 - ((12 - 12) + 0 + -13 + 37).
-23
Evaluate (33 - 34) + -23 + 17 - -60.
53
What is 0 - (7 - (-3 - (11 + -15)))?
-6
Calculate 91 + 7 + (1 - -8 - (7 + -20 + 35)).
85
Evaluate ((19 - 6) + -10 - -11) + (0 - (8 + -3)).
9
What is (-86 - -9) + (0 - (14 - 33)) + 5 + -1?
-54
What is the value of -5 + -2 + 3 + 2 - (47 + -9 + 67)?
-107
What is the value of (241 - 223 - (11 - 1)) + 28 + -1?
35
Calculate -7 + (-24 + (6 - (14 - 42)) - 4).
-1
What is the value of (-27 + 33 - -45) + -122?
-71
Calculate (-3 - -11) + -2 + -5 + -23 + 8.
-14
3 + -1 + 2445 + -2445
2
What is -5 + -13 + (6 - -6) + (-15 - (-31 + -10))?
20
Calculate (-1 - 103) + (12 - -10 - 27) + 8.
-101
What is the value of -2 + -49 - (16 + (32 - 70) + 31)?
-60
What is the value of (14 + -21 - 6 - -10) + -5 + 45?
37
(166 - -66 - 74) + -56
102
What is the value of 11 - (-13 + 0 + 22 + -6) - (-69 + 1)?
76
Calculate 9 + (6 - (-41 + (-82 + 78 - (-8 + -1)))).
51
Calculate 5 - (50 + -29) - (-23 - 30).
37
0 + 39 + 40 + (-111 - -49)
17
What is the value of (40 - 30) + (35 - 42) + (0 - 19)?
-16
Evaluate (-37 - -55) + -68 + 28.
-22
Calculate -13 + (133 - 22 - (-1 - 7 - (25 + -35))).
96
What is 43 + (-122 - (23 + -70))?
-32
Evaluate 159 - (-78 - (-257 - 116)).
-136
What is 371 + -404 - (37 + -9)?
-61
What is the value of 6 - -21 - 5 - (-112 - -175)?
-41
-43 + 16 + 67 + -38 + 11 + 4
17
-16 + (2 + -16 - (84 - 108))
-6
Evaluate 2 + -10 + 1 + -1 - (7 - (-15 - -19)).
-11
What is the value of (9 - -56) + -3 + 0 + -25?
37
What is the value of (-4 - (13 - (0 + (9 - -2)))) + 6 - -68?
68
What is -6 + -1 - (86 - (25 - (28 + (-11 - 2))))?
-83
Evaluate (-54 - -33) + (30 - -16) - 29.
-4
What is -6 + (1639 - 1628 - (1 + (31 - -3)))?
-30
What is the value of -4 + 3 + -9 + -8 + (29 - 12)?
-1
Evaluate 28 + (-151 + 157 - (1 + 21)).
12
What is the value of -59 + -56 + 24 + 61?
-30
Evaluate (27 - 13 - (17 + 7)) + 45.
35
Evaluate (-50 - 1) + -1271 + 1309.
-13
Evaluate 4 + -2 + -15 - (-40 - ((33 - -24) + -35)).
49
What is the value of 25 + 20 + 22 - -34 - (16 + 0)?
85
Evaluate 33 + -1 - ((-8 - -9) + -5).
36
(6 + -14 - -6) + 11 + -21 + 8
-4
What is 40 + 7 - (-34 + 125)?
-44
What is -4 + (-21 + 15 + 0 + 16 - 21)?
-15
Calculate 5 - (-26 - (27 + -58 + (-7 - -21))).
14
What is the value of 35 - 8 - ((-14 - -107) + 20)?
-86
What is the value of 19 + (-12 - -7) + (-30 - (-26 - -26))?
-16
Calculate -26 + 18 + 95 + (-2 - (-1 - 5)).
91
What is (23 - 48) + (-8 - -20) + (-2 - 13)?
-28
Evaluate (19 - ((22 - 6) + 1)) + -62 + 2 - 1.
-59
What is the value of (-2 - 0) + -59 + 5 + 38?
-18
Calculate -130 + (-100 - -65) + 96.
-69
Evaluate -14 - (12 + 52 - 33).
-45
What is 27 + (59 - (2 - -32)) + 8 + 0?
60
What is the value of 6 - (-1 - -33 - (363 + -343))?
-6
(1 - (7 + -3 - (13 + -9))) + 1 + -48
-46
Evaluate -2 - (0 + -29) - (-14663 - -14746).
-56
What is (-2 + 21 - (31 + -21)) + 39?
48
Calculate -26 - (-1 - -2 - (0 + -11 + 31 + -12)).
-19
Calculate (-1 + -2 - (104 + -104)) + (5 + 3 - 1).
4
What is (-4 - (100 - 39)) + 38?
-27
Evaluate -76 + 52 - (-6 + (9 - -19)).
-46
What is the value of 39 - (31 + (9 - 45))?
44
What is 10 - (6 + -4) - (33 - (-1 + 28)) - 10?
-8
Evaluate -7 - ((0 - 3) + 166 + -157 + -14).
1
Evaluate 53 - 17 - (332 + -166).
-130
58 + 1 + (8 - (-6 - -6) - (2 + 13))
52
-2 - (-9 + 2) - 2 - 9 - 49
-55
Calculate -4 - (-17 + 74 - 67).
6
497 + -528 - (2 - (-1 - -107))
73
-18 - (-4 + 3 + 8) - 17
-42
Calculate (109 - 31) + -61 + (0 - 34) - 25.
-42
What is the value of (99 - 99) + (-17 - (-2 - (-2 + 1)))?
-16
Evaluate (-41 - (-32 - 6)) + 10 + 0 - (34 + -60).
33
Evaluate -4 + -10 + 8 - (-31 - (-30 - -17)).
12
What is the value of 4 - 36 - (-1059 - -1031)?
-4
Evaluate (6 - 3 - (-4 + 16)) + -11 - 8.
-28
Evaluate (-7 - (3 + -53)) + (12 - (2 + 15 + -11)).
49
What is (-2 - ((-59 - -121) + -47)) + (11 - 1)?
-7
5 + (48 -